{"id":2037,"date":"2021-06-16T12:46:40","date_gmt":"2021-06-16T12:46:40","guid":{"rendered":"http:\/\/34.69.47.19:81\/cardeto\/?page_id=2037"},"modified":"2021-06-16T12:50:58","modified_gmt":"2021-06-16T12:50:58","slug":"cambio-di-residenza","status":"publish","type":"page","link":"http:\/\/2.114.201.122\/comunecardeto.it\/cambio-di-residenza\/","title":{"rendered":"Cambio di residenza"},"content":{"rendered":"\t\t<div data-elementor-type=\"wp-page\" data-elementor-id=\"2037\" class=\"elementor elementor-2037\">\n\t\t\t\t\t\t\t\t\t<section class=\"elementor-section elementor-top-section elementor-element elementor-element-f205e85 elementor-section-boxed elementor-section-height-default elementor-section-height-default\" data-id=\"f205e85\" data-element_type=\"section\">\n\t\t\t\t\t\t<div class=\"elementor-container elementor-column-gap-default\">\n\t\t\t\t\t<div class=\"elementor-column elementor-col-100 elementor-top-column elementor-element elementor-element-a1358a5\" data-id=\"a1358a5\" data-element_type=\"column\">\n\t\t\t<div class=\"elementor-widget-wrap elementor-element-populated\">\n\t\t\t\t\t\t\t\t<div class=\"elementor-element elementor-element-cd57db3 elementor-widget elementor-widget-text-editor\" data-id=\"cd57db3\" data-element_type=\"widget\" data-widget_type=\"text-editor.default\">\n\t\t\t\t<div class=\"elementor-widget-container\">\n\t\t\t\t\t\t\t<div class=\"titolo\"><p>Cambio di residenza\u00a0,\u00a0nuova procedura\u00a0Dal 09 maggio 2012 la procedura di cambio di residenza subisce delle variazioni quanto alle modalit\u00e0 con cui effettuare le dichiarazioni, il procedimento di registrazione e di controllo.<\/p><\/div><p><b>Dal 09 maggio 2012, nel rispetto dell\u2019art. 5 D.L. 9 febbraio 2012, n.5, convertito in Legge 4 aprile 2012, n. 35, la procedura di cambio di residenza subisce delle variazioni quanto alle modalit\u00e0 con cui effettuare le dichiarazioni, il procedimento di registrazione e di controllo.<\/b><\/p><p>E\u2019 in corso di adozione il D.P.R. previsto per armonizzare il vigente regolamento anagrafico.<\/p><p>Nell\u2019attesa che l\u2019iter di adozione del D.P.R. sia completato, il Ministero dell\u2019Interno, con\u00a0<b>circolare del 27 aprile 2012<\/b>, ha fornito indicazioni sulla disciplina in vigore .In particolare, i cittadini potranno presentare le dichiarazioni anagrafiche, di residenza e di trasferimento all&#8217;estero,\u00a0senza necessariamente recarsi allo sportello del comune,\u00a0ma spedendole per posta raccomandata oppure inviandole via fax o e-mail.<\/p><p>Nella\u00a0<a href=\"http:\/\/2.114.201.122\/comunecardeto.it\/index.php?action=index&amp;p=382\">circolare del Ministero<\/a>, oltre a tutte le informazioni, il facsimile dei\u00a0<b>modelli di dichiarazione<\/b>\u00a0da compilare e inviare.<\/p><p><b>Il cittadino, entro 20 giorni\u00a0dal\u00a0 cambio<\/b>,\u00a0\u00a0<b>produce istanza con la compilazione di moduli conformi\u00a0a quelli pubblicati sul sito internet del ministero dell\u2019Interno\u00a0\u00a0\u00a0\u00a0<a href=\"http:\/\/servizidemografici.interno.it\/\">www.servizidemografici.interno.it<\/a><\/b><\/p><p>Le dichiarazioni sono rese e sottoscritte davanti all\u2019ufficiale di anagrafe o inviate con le modalit\u00e0 di cui all\u2019art.38 del DPR 445\/2000.<\/p><p>In particolare, i cittadini potranno presentare le dichiarazioni anagrafiche, di residenza e di trasferimento all&#8217;estero,\u00a0senza necessariamente recarsi allo sportello del comune,\u00a0ma spedendole per posta raccomandata oppure inviandole via fax o e-mail.<\/p><p>Per l\u2019invio per via telematica deve verificarsi una delle seguenti condizioni:<\/p><p>\u00b7\u00a0\u00a0\u00a0\u00a0\u00a0\u00a0sottoscrizione con firma digitale<\/p><p>\u00b7\u00a0\u00a0\u00a0\u00a0\u00a0\u00a0identificazione con carta di identit\u00e0 elettronica o carta nazionale dei servizi<\/p><p>\u00b7\u00a0\u00a0\u00a0\u00a0\u00a0\u00a0dichiarazione trasmessa con posta elettronica certificata del dichiarante<\/p><p>\u00b7\u00a0\u00a0\u00a0\u00a0\u00a0\u00a0scansione e trasmissione tramite posta elettronica semplice di copia della dichiarazione con firma autografa e\u00a0del documento d&#8217;identit\u00e0 del dichiarante.<\/p><p><b>L\u2019 indirizzo postale: Comune di Cardeto- Ufficio Anagrafe &#8211; Via Milite Ignoto, n. 67 \u2013 89060\u00a0\u00a0\u00a0\u00a0\u00a0\u00a0\u00a0\u00a0\u00a0\u00a0\u00a0 CARDETO (RC)<\/b><\/p><p><b>Numero di fax:\u00a00965\/ 343360<\/b><\/p><p><b><a href=\"mailto:anagrafe@comune.cardeto.rc.it\">Indirizzo di posta elettronica :\u00a0anagrafe@comune.cardeto.rc.it<\/a><\/b><\/p><p><b><a href=\"mailto:anagrafe.cardeto@asmepec.it\">Indirizzo di posta elettronica certificata : anagrafe.cardeto@asmepec.it<\/a><\/b><\/p><p>L\u2019ufficiale di anagrafe entro i 2 giorni lavorativi successivi alla presentazione della dichiarazione, effettua la variazione. Gli effetti giuridici decorrono dalla data della dichiarazione.<\/p><p>L\u2019ufficiale di anagrafe dovr\u00e0 rilasciare la comunicazione di avvio del procedimento, informando che si dar\u00e0 corso agli accertamenti.<\/p><p>I controlli sulla sussistenza effettiva \u00a0dei requisiti cui \u00e8 subordinata la registrazione devono essere effettuati nei 45 giorni successivi. Se il termine decorre senza risposta da parte dell\u2019amministrazione, quanto dichiarato si considera conforme alla situazione di fatto in essere alla data della dichiarazione.<\/p><p>L\u2019eventuale esito negativo dei controlli comporter\u00e0 il ripristino della situazione anagrafica presente all&#8217;atto della dichiarazione.<\/p><p>In caso di rigetto per verificata mancanza di requisiti, l\u2019ufficiale di anagrafe proceder\u00e0 alla cancellazione della variazione gi\u00e0 effettuata, di concerto con il Comune di provenienza, e ne dar\u00e0 comunicazione, come d\u2019obbligo di legge, all\u2019interessato.<\/p>\t\t\t\t\t\t<\/div>\n\t\t\t\t<\/div>\n\t\t\t\t\t<\/div>\n\t\t<\/div>\n\t\t\t\t\t\t\t<\/div>\n\t\t<\/section>\n\t\t\t\t<section class=\"elementor-section elementor-top-section elementor-element elementor-element-d8d8f92 elementor-section-boxed elementor-section-height-default elementor-section-height-default\" data-id=\"d8d8f92\" data-element_type=\"section\">\n\t\t\t\t\t\t<div class=\"elementor-container elementor-column-gap-default\">\n\t\t\t\t\t<div class=\"elementor-column elementor-col-100 elementor-top-column elementor-element elementor-element-c49044e\" data-id=\"c49044e\" data-element_type=\"column\">\n\t\t\t<div class=\"elementor-widget-wrap elementor-element-populated\">\n\t\t\t\t\t\t\t\t<div class=\"elementor-element elementor-element-1ed7a40 elementor-widget elementor-widget-citygovt_service\" data-id=\"1ed7a40\" data-element_type=\"widget\" data-widget_type=\"citygovt_service.default\">\n\t\t\t\t<div class=\"elementor-widget-container\">\n\t\t\t<section class=\"services-section\">\n\t<div class=\"auto-container\">\n\t\t<div class=\"sec-title  with-separator centered\">\n\t\t\t<h2>MODULISTICA:<\/h2>\n\t\t\t<div class=\"separator\"><span class=\"cir c-1\"><\/span><span class=\"cir c-2\"><\/span><span class=\"cir c-3\"><\/span><\/div>\n\t\t\t<div class=\"more-link\"><a href=\"https:\/\/comunecardeto.nextimelabs.com\/index.php\/modulistica\/\">Tutti i moduli<span class=\"flaticon-right-2\"><\/span><\/a><\/div>\n\t\t<\/div>\n\t\t<div class=\"row clearfix\">\n\t\t\t\t\t\t<div class=\"featured-block-two col-lg-4 col-md-6 col-sm-12\">\n\t\t\t\t<div class=\"inner-box\">\n\t\t\t\t\t<div class=\"content-box\">\n\t\t\t\t\t\t<div class=\"icon-box\">\n\t\t\t\t\t\t\t\t\t\t\t\t\t<\/div>\n\t\t\t\t\t\t<div class=\"content\">\n\t\t\t\t\t\t\t<h4><a href=\"https:\/\/comunecardeto.nextimelabs.com\/wp-content\/uploads\/2021\/06\/DICHIARAZIONE_DI_RESIDENZA.pdf\"\n\t\t\t\t\t\t\t\t\t target=\"_blank\"  rel=\"nofollow\">Allegato 1<\/a>\n\t\t\t\t\t\t\t<\/h4>\n\t\t\t\t\t\t\t<div class=\"text\">DICHIARAZIONE DI CAMBIO DI RESIDENZA-\/DICHIARAZIONE DI CAMBIO ABITAZIONE NELL'AMBITO DELLO STESSO COMUNE <\/div>\n\t\t\t\t\t\t\t<div class=\"read-more\"><a\n\t\t\t\t\t\t\t\t\thref=\"https:\/\/comunecardeto.nextimelabs.com\/wp-content\/uploads\/2021\/06\/DICHIARAZIONE_DI_RESIDENZA.pdf\"\n\t\t\t\t\t\t\t\t\t target=\"_blank\"  rel=\"nofollow\">Scarica<\/a>\n\t\t\t\t\t\t\t<\/div>\n\t\t\t\t\t\t<\/div>\n\t\t\t\t\t<\/div>\n\t\t\t\t<\/div>\n\t\t\t<\/div>\n\t\t\t\t\t\t<div class=\"featured-block-two col-lg-4 col-md-6 col-sm-12\">\n\t\t\t\t<div class=\"inner-box\">\n\t\t\t\t\t<div class=\"content-box\">\n\t\t\t\t\t\t<div class=\"icon-box\">\n\t\t\t\t\t\t\t\t\t\t\t\t\t<\/div>\n\t\t\t\t\t\t<div class=\"content\">\n\t\t\t\t\t\t\t<h4><a href=\"https:\/\/comunecardeto.nextimelabs.com\/wp-content\/uploads\/2021\/06\/DICHIARAZIONE_RESIDENZA_ESTERO.pdf\"\n\t\t\t\t\t\t\t\t\t target=\"_blank\"  rel=\"nofollow\">Allegato 2<\/a>\n\t\t\t\t\t\t\t<\/h4>\n\t\t\t\t\t\t\t<div class=\"text\">DICHIARAZIONE DI TRASFERIMENTO DI RESIDENZA ALL'ESTERO<\/div>\n\t\t\t\t\t\t\t<div class=\"read-more\"><a\n\t\t\t\t\t\t\t\t\thref=\"https:\/\/comunecardeto.nextimelabs.com\/wp-content\/uploads\/2021\/06\/DICHIARAZIONE_RESIDENZA_ESTERO.pdf\"\n\t\t\t\t\t\t\t\t\t target=\"_blank\"  rel=\"nofollow\">Scarica<\/a>\n\t\t\t\t\t\t\t<\/div>\n\t\t\t\t\t\t<\/div>\n\t\t\t\t\t<\/div>\n\t\t\t\t<\/div>\n\t\t\t<\/div>\n\t\t\t\n\t\t<\/div>\n\n\t<\/div>\n\n<\/section>\n\t\t\t\t<\/div>\n\t\t\t\t<\/div>\n\t\t\t\t\t<\/div>\n\t\t<\/div>\n\t\t\t\t\t\t\t<\/div>\n\t\t<\/section>\n\t\t\t\t\t\t\t<\/div>\n\t\t","protected":false},"excerpt":{"rendered":"<p>Cambio di residenza\u00a0,\u00a0nuova procedura\u00a0Dal 09 maggio 2012 la procedura di cambio di residenza subisce delle variazioni quanto alle modalit\u00e0 con cui effettuare le dichiarazioni, il procedimento di registrazione e di [&hellip;]<\/p>\n","protected":false},"author":1,"featured_media":1654,"parent":0,"menu_order":0,"comment_status":"closed","ping_status":"closed","template":"","meta":{"pgc_meta":"","footnotes":""},"pgc_meta":"","_links":{"self":[{"href":"http:\/\/2.114.201.122\/comunecardeto.it\/wp-json\/wp\/v2\/pages\/2037"}],"collection":[{"href":"http:\/\/2.114.201.122\/comunecardeto.it\/wp-json\/wp\/v2\/pages"}],"about":[{"href":"http:\/\/2.114.201.122\/comunecardeto.it\/wp-json\/wp\/v2\/types\/page"}],"author":[{"embeddable":true,"href":"http:\/\/2.114.201.122\/comunecardeto.it\/wp-json\/wp\/v2\/users\/1"}],"replies":[{"embeddable":true,"href":"http:\/\/2.114.201.122\/comunecardeto.it\/wp-json\/wp\/v2\/comments?post=2037"}],"version-history":[{"count":4,"href":"http:\/\/2.114.201.122\/comunecardeto.it\/wp-json\/wp\/v2\/pages\/2037\/revisions"}],"predecessor-version":[{"id":2043,"href":"http:\/\/2.114.201.122\/comunecardeto.it\/wp-json\/wp\/v2\/pages\/2037\/revisions\/2043"}],"wp:featuredmedia":[{"embeddable":true,"href":"http:\/\/2.114.201.122\/comunecardeto.it\/wp-json\/wp\/v2\/media\/1654"}],"wp:attachment":[{"href":"http:\/\/2.114.201.122\/comunecardeto.it\/wp-json\/wp\/v2\/media?parent=2037"}],"curies":[{"name":"wp","href":"https:\/\/api.w.org\/{rel}","templated":true}]}}

<div data-elementor-type="wp-page" data-elementor-id="2037" class="elementor elementor-2037">
									<section class="elementor-section elementor-top-section elementor-element elementor-element-f205e85 elementor-section-boxed elementor-section-height-default elementor-section-height-default" data-id="f205e85" data-element_type="section">
						<div class="elementor-container elementor-column-gap-default">
					<div class="elementor-column elementor-col-100 elementor-top-column elementor-element elementor-element-a1358a5" data-id="a1358a5" data-element_type="column">
			<div class="elementor-widget-wrap elementor-element-populated">
								<div class="elementor-element elementor-element-cd57db3 elementor-widget elementor-widget-text-editor" data-id="cd57db3" data-element_type="widget" data-widget_type="text-editor.default">
				<div class="elementor-widget-container">
							<div class="titolo"><p>Cambio di residenza , nuova procedura Dal 09 maggio 2012 la procedura di cambio di residenza subisce delle variazioni quanto alle modalità con cui effettuare le dichiarazioni, il procedimento di registrazione e di controllo.</p></div><p><b>Dal 09 maggio 2012, nel rispetto dell’art. 5 D.L. 9 febbraio 2012, n.5, convertito in Legge 4 aprile 2012, n. 35, la procedura di cambio di residenza subisce delle variazioni quanto alle modalità con cui effettuare le dichiarazioni, il procedimento di registrazione e di controllo.</b></p><p>E’ in corso di adozione il D.P.R. previsto per armonizzare il vigente regolamento anagrafico.</p><p>Nell’attesa che l’iter di adozione del D.P.R. sia completato, il Ministero dell’Interno, con <b>circolare del 27 aprile 2012</b>, ha fornito indicazioni sulla disciplina in vigore .In particolare, i cittadini potranno presentare le dichiarazioni anagrafiche, di residenza e di trasferimento all&#8217;estero, senza necessariamente recarsi allo sportello del comune, ma spedendole per posta raccomandata oppure inviandole via fax o e-mail.</p><p>Nella <a href="http://2.114.201.122/comunecardeto.it/index.php?action=index&amp;p=382">circolare del Ministero</a>, oltre a tutte le informazioni, il facsimile dei <b>modelli di dichiarazione</b> da compilare e inviare.</p><p><b>Il cittadino, entro 20 giorni dal  cambio</b>,  <b>produce istanza con la compilazione di moduli conformi a quelli pubblicati sul sito internet del ministero dell’Interno    <a href="http://servizidemografici.interno.it/">www.servizidemografici.interno.it</a></b></p><p>Le dichiarazioni sono rese e sottoscritte davanti all’ufficiale di anagrafe o inviate con le modalità di cui all’art.38 del DPR 445/2000.</p><p>In particolare, i cittadini potranno presentare le dichiarazioni anagrafiche, di residenza e di trasferimento all&#8217;estero, senza necessariamente recarsi allo sportello del comune, ma spedendole per posta raccomandata oppure inviandole via fax o e-mail.</p><p>Per l’invio per via telematica deve verificarsi una delle seguenti condizioni:</p><p>·      sottoscrizione con firma digitale</p><p>·      identificazione con carta di identità elettronica o carta nazionale dei servizi</p><p>·      dichiarazione trasmessa con posta elettronica certificata del dichiarante</p><p>·      scansione e trasmissione tramite posta elettronica semplice di copia della dichiarazione con firma autografa e del documento d&#8217;identità del dichiarante.</p><p><b>L’ indirizzo postale: Comune di Cardeto- Ufficio Anagrafe &#8211; Via Milite Ignoto, n. 67 – 89060            CARDETO (RC)</b></p><p><b>Numero di fax: 0965/ 343360</b></p><p><b><a href="mailto:anagrafe@comune.cardeto.rc.it">Indirizzo di posta elettronica : anagrafe@comune.cardeto.rc.it</a></b></p><p><b><a href="mailto:anagrafe.cardeto@asmepec.it">Indirizzo di posta elettronica certificata : anagrafe.cardeto@asmepec.it</a></b></p><p>L’ufficiale di anagrafe entro i 2 giorni lavorativi successivi alla presentazione della dichiarazione, effettua la variazione. Gli effetti giuridici decorrono dalla data della dichiarazione.</p><p>L’ufficiale di anagrafe dovrà rilasciare la comunicazione di avvio del procedimento, informando che si darà corso agli accertamenti.</p><p>I controlli sulla sussistenza effettiva  dei requisiti cui è subordinata la registrazione devono essere effettuati nei 45 giorni successivi. Se il termine decorre senza risposta da parte dell’amministrazione, quanto dichiarato si considera conforme alla situazione di fatto in essere alla data della dichiarazione.</p><p>L’eventuale esito negativo dei controlli comporterà il ripristino della situazione anagrafica presente all&#8217;atto della dichiarazione.</p><p>In caso di rigetto per verificata mancanza di requisiti, l’ufficiale di anagrafe procederà alla cancellazione della variazione già effettuata, di concerto con il Comune di provenienza, e ne darà comunicazione, come d’obbligo di legge, all’interessato.</p>						</div>
				</div>
					</div>
		</div>
							</div>
		</section>
				<section class="elementor-section elementor-top-section elementor-element elementor-element-d8d8f92 elementor-section-boxed elementor-section-height-default elementor-section-height-default" data-id="d8d8f92" data-element_type="section">
						<div class="elementor-container elementor-column-gap-default">
					<div class="elementor-column elementor-col-100 elementor-top-column elementor-element elementor-element-c49044e" data-id="c49044e" data-element_type="column">
			<div class="elementor-widget-wrap elementor-element-populated">
								<div class="elementor-element elementor-element-1ed7a40 elementor-widget elementor-widget-citygovt_service" data-id="1ed7a40" data-element_type="widget" data-widget_type="citygovt_service.default">
				<div class="elementor-widget-container">
			<section class="services-section">
	<div class="auto-container">
		<div class="sec-title  with-separator centered">
			<h2>MODULISTICA:</h2>
			<div class="separator"><span class="cir c-1"></span><span class="cir c-2"></span><span class="cir c-3"></span></div>
			<div class="more-link"><a href="https://comunecardeto.nextimelabs.com/index.php/modulistica/">Tutti i moduli<span class="flaticon-right-2"></span></a></div>
		</div>
		<div class="row clearfix">
						<div class="featured-block-two col-lg-4 col-md-6 col-sm-12">
				<div class="inner-box">
					<div class="content-box">
						<div class="icon-box">
													</div>
						<div class="content">
							<h4><a href="https://comunecardeto.nextimelabs.com/wp-content/uploads/2021/06/DICHIARAZIONE_DI_RESIDENZA.pdf"
									 target="_blank"  rel="nofollow">Allegato 1</a>
							</h4>
							<div class="text">DICHIARAZIONE DI CAMBIO DI RESIDENZA-/DICHIARAZIONE DI CAMBIO ABITAZIONE NELL'AMBITO DELLO STESSO COMUNE </div>
							<div class="read-more"><a
									href="https://comunecardeto.nextimelabs.com/wp-content/uploads/2021/06/DICHIARAZIONE_DI_RESIDENZA.pdf"
									 target="_blank"  rel="nofollow">Scarica</a>
							</div>
						</div>
					</div>
				</div>
			</div>
						<div class="featured-block-two col-lg-4 col-md-6 col-sm-12">
				<div class="inner-box">
					<div class="content-box">
						<div class="icon-box">
													</div>
						<div class="content">
							<h4><a href="https://comunecardeto.nextimelabs.com/wp-content/uploads/2021/06/DICHIARAZIONE_RESIDENZA_ESTERO.pdf"
									 target="_blank"  rel="nofollow">Allegato 2</a>
							</h4>
							<div class="text">DICHIARAZIONE DI TRASFERIMENTO DI RESIDENZA ALL'ESTERO</div>
							<div class="read-more"><a
									href="https://comunecardeto.nextimelabs.com/wp-content/uploads/2021/06/DICHIARAZIONE_RESIDENZA_ESTERO.pdf"
									 target="_blank"  rel="nofollow">Scarica</a>
							</div>
						</div>
					</div>
				</div>
			</div>
			
		</div>

	</div>

</section>
				</div>
				</div>
					</div>
		</div>
							</div>
		</section>
							</div>

<p>Cambio di residenza , nuova procedura Dal 09 maggio 2012 la procedura di cambio di residenza subisce delle variazioni quanto alle modalità con cui effettuare le dichiarazioni, il procedimento di registrazione e di [&hellip;]</p>
